{"id":3,"date":"2023-03-13T19:35:32","date_gmt":"2023-03-13T19:35:32","guid":{"rendered":"https:\/\/iniziar.com\/karuanabogados\/?page_id=3"},"modified":"2023-03-28T18:37:45","modified_gmt":"2023-03-28T17:37:45","slug":"politica-privacidad","status":"publish","type":"page","link":"https:\/\/karuanabogados.com\/?page_id=3","title":{"rendered":"Pol\u00edtica de privacidad"},"content":{"rendered":"<div id='full_slider_1'  class='avia-fullwidth-slider main_color avia-shadow   avia-builder-el-0  el_before_av_textblock  avia-builder-el-first   container_wrap sidebar_right'  ><div  class='avia-slideshow av-4851-5201e3881623f8abe78efb2ee5b0b20c avia-slideshow-featured av_slideshow_full avia-slide-slider av-slideshow-ui av-control-default av-slideshow-manual av-loop-once av-loop-manual-endless av-default-height-applied   avia-slideshow-1' data-slideshow-options=\"{&quot;animation&quot;:&quot;slide&quot;,&quot;autoplay&quot;:false,&quot;loop_autoplay&quot;:&quot;once&quot;,&quot;interval&quot;:5,&quot;loop_manual&quot;:&quot;manual-endless&quot;,&quot;autoplay_stopper&quot;:false,&quot;noNavigation&quot;:false,&quot;bg_slider&quot;:false,&quot;keep_padding&quot;:false,&quot;hoverpause&quot;:false,&quot;show_slide_delay&quot;:0}\"  itemprop=\"image\" itemscope=\"itemscope\" itemtype=\"https:\/\/schema.org\/ImageObject\" ><ul class='avia-slideshow-inner ' style='padding-bottom: 13.333333333333%;'><li  class='avia-slideshow-slide av-4851-5201e3881623f8abe78efb2ee5b0b20c__0  av-single-slide slide-1 slide-odd'><div data-rel='slideshow-1' class='avia-slide-wrap '   ><img decoding=\"async\" class=\"wp-image-3339 avia-img-lazy-loading-not-3339\"  src=\"https:\/\/karuanabogados.com\/wp-content\/uploads\/2023\/03\/1500x200-datos-personales-bufete-abogados-madrid.jpg\" width=\"1500\" height=\"200\" title='1500x200-datos-personales-bufete-abogados-madrid' alt=''  itemprop=\"thumbnailUrl\" srcset=\"https:\/\/karuanabogados.com\/wp-content\/uploads\/2023\/03\/1500x200-datos-personales-bufete-abogados-madrid.jpg 1500w, https:\/\/karuanabogados.com\/wp-content\/uploads\/2023\/03\/1500x200-datos-personales-bufete-abogados-madrid-300x40.jpg 300w, https:\/\/karuanabogados.com\/wp-content\/uploads\/2023\/03\/1500x200-datos-personales-bufete-abogados-madrid-1030x137.jpg 1030w, https:\/\/karuanabogados.com\/wp-content\/uploads\/2023\/03\/1500x200-datos-personales-bufete-abogados-madrid-768x102.jpg 768w, https:\/\/karuanabogados.com\/wp-content\/uploads\/2023\/03\/1500x200-datos-personales-bufete-abogados-madrid-705x94.jpg 705w\" sizes=\"(max-width: 1500px) 100vw, 1500px\" \/><\/div><\/li><\/ul><\/div><\/div><div id='after_full_slider_1'  class='main_color av_default_container_wrap container_wrap sidebar_right'  ><div class='container av-section-cont-open' ><div class='template-page content  av-content-small alpha units'><div class='post-entry post-entry-type-page post-entry-3'><div class='entry-content-wrapper clearfix'>\n<section  class='av_textblock_section av-lfsjb83x-393d3c67181f59b0b1dc53d5edf7cb4a'  itemscope=\"itemscope\" itemtype=\"https:\/\/schema.org\/CreativeWork\" ><div class='avia_textblock'  itemprop=\"text\" ><h2>Pol\u00edtica de privacidad<\/h2>\n<p><strong>Titular<\/strong>: KARUAN CONSULTORES S.L<br \/>\n<strong>NIF<\/strong>: B01998186<br \/>\n<strong>Domicilio social<\/strong>: Calle Toledo, 138 (28005), Madrid<br \/>\n<strong>Direcci\u00f3n de correo electr\u00f3nico<\/strong>: info@karuanabogados.es<br \/>\n<strong>Tel\u00e9fono de contacto<\/strong>: 91 462 51 68<\/p>\n<h2>Informaci\u00f3n y consentimiento<\/h2>\n<p>Mediante la aceptaci\u00f3n de la presente Pol\u00edtica de Privacidad, el usuario (en adelante,<br \/>\nel \u201cUsuario\u201d o \u201cUsuarios\u201d) queda informado y presta su consentimiento libre, informado, espec\u00edfico e inequ\u00edvoco para que los datos personales que facilite a trav\u00e9s de la p\u00e1gina Web ubicada en la URL <a href=\"https:\/\/karuanabogados.es\" target=\"_blank\" rel=\"noopener\">www.karuanabogados.es<\/a> (en adelante, el \u201cSitio Web\u201d) sean tratados por Karuan Abogados.<\/p>\n<h2>Obligatoriedad de facilitar los datos<\/h2>\n<p>Los datos solicitados en los formularios de la Web son con car\u00e1cter general, obligatorios (salvo que en el campo requerido se especifique lo contrario) para cumplir con las finalidades establecidas. Por lo tanto, si no se facilitan los mismos o no se facilitan correctamente no podr\u00e1n atenderse las mismas, sin perjuicio de que podr\u00e1 visualizar libremente el contenido del Sitio Web.<\/p>\n<p>Los \u00fanicos datos personales a los que Karuan Abogados, tendr\u00e1 acceso a trav\u00e9s del Sitio Web ser\u00e1n aquellos que el Usuario facilite voluntariamente, as\u00ed como aquellos otros recogidos a trav\u00e9s de las cookies instaladas.<\/p>\n<h2>Finalidad de los datos<\/h2>\n<p>Los datos personales facilitados a trav\u00e9s del Sitio Web ser\u00e1n tratados por Karuan Abogados<br \/>\nconforme a las siguientes finalidades:<\/p>\n<ul>\n<li>Gestionar el proceso de b\u00fasqueda de inversi\u00f3n o financiaci\u00f3n cuando el Usuario facilita sus datos a trav\u00e9s de los formularios.<\/li>\n<li>Gestionar, tramitar y dar respuesta a peticiones, solicitudes, incidencias, quejas, reclamaciones o consultas cuando el Usuario facilita sus datos a trav\u00e9s del formulario \u201cCONTACTO\u201d o a trav\u00e9s de las redes sociales de <strong>Karuan Abogados<\/strong>.<\/li>\n<li>Gestionar el env\u00edo de comunicaciones comerciales personalizadas sobre productos y servicios de <strong>Karuan Abogados<\/strong>, as\u00ed como de terceras entidades, por medios electr\u00f3nicos y\/o convencionales.<\/li>\n<li>Mantener informado al Usuario sobre las novedades de <strong>Karuan Abogados<\/strong> en sus perfiles en las redes sociales, si el Usuario se hace seguidor de <strong>Karuan Abogados<\/strong> en sus perfiles. El Usuario que no desee seguir recibiendo comunicaciones comerciales sobre <strong>Karuan Abogados<\/strong> en las Redes Sociales debe dejar de seguir sus perfiles.<\/li>\n<\/ul>\n<h2>Duraci\u00f3n del tratamiento de los datos personales<\/h2>\n<p>Los datos que el Usuario facilita a trav\u00e9s de los formularios web, correo electr\u00f3nico, as\u00ed como a trav\u00e9s de los perfiles en las RRSS ser\u00e1n tratados durante el plazo necesario para dar respuesta a la solicitud del Usuario y hasta que prescriban las acciones legales.<\/p>\n<p>En lo relativo al env\u00edo de comunicaciones comerciales Karuan Abogados tratar\u00e1 los datos del<br \/>\nUsuario, hasta que \u00e9ste se oponga o revoque su consentimiento.<\/p>\n<\/div><\/section>\n","protected":false},"excerpt":{"rendered":"","protected":false},"author":1,"featured_media":0,"parent":0,"menu_order":0,"comment_status":"closed","ping_status":"open","template":"","meta":{"footnotes":""},"class_list":["post-3","page","type-page","status-publish","hentry"],"_links":{"self":[{"href":"https:\/\/karuanabogados.com\/index.php?rest_route=\/wp\/v2\/pages\/3","targetHints":{"allow":["GET"]}}],"collection":[{"href":"https:\/\/karuanabogados.com\/index.php?rest_route=\/wp\/v2\/pages"}],"about":[{"href":"https:\/\/karuanabogados.com\/index.php?rest_route=\/wp\/v2\/types\/page"}],"author":[{"embeddable":true,"href":"https:\/\/karuanabogados.com\/index.php?rest_route=\/wp\/v2\/users\/1"}],"replies":[{"embeddable":true,"href":"https:\/\/karuanabogados.com\/index.php?rest_route=%2Fwp%2Fv2%2Fcomments&post=3"}],"version-history":[{"count":2,"href":"https:\/\/karuanabogados.com\/index.php?rest_route=\/wp\/v2\/pages\/3\/revisions"}],"predecessor-version":[{"id":3340,"href":"https:\/\/karuanabogados.com\/index.php?rest_route=\/wp\/v2\/pages\/3\/revisions\/3340"}],"wp:attachment":[{"href":"https:\/\/karuanabogados.com\/index.php?rest_route=%2Fwp%2Fv2%2Fmedia&parent=3"}],"curies":[{"name":"wp","href":"https:\/\/api.w.org\/{rel}","templated":true}]}}