{"id":3281,"date":"2023-03-23T10:41:51","date_gmt":"2023-03-23T09:41:51","guid":{"rendered":"https:\/\/iniziar.com\/karuanabogados\/?page_id=3281"},"modified":"2023-04-08T18:27:48","modified_gmt":"2023-04-08T17:27:48","slug":"contacto","status":"publish","type":"page","link":"https:\/\/karuanabogados.com\/?page_id=3281","title":{"rendered":"Contacto"},"content":{"rendered":"<div id='full_slider_1'  class='avia-fullwidth-slider main_color avia-shadow   avia-builder-el-0  el_before_av_one_half  avia-builder-el-first   container_wrap sidebar_right'  ><div  class='avia-slideshow av-lfslmoqi-6167b8b22776139c9bf2647da6100c06 avia-slideshow-featured av_slideshow_full avia-slide-slider av-slideshow-ui av-control-default av-slideshow-manual av-loop-once av-loop-manual-endless av-default-height-applied   avia-slideshow-1' data-slideshow-options=\"{&quot;animation&quot;:&quot;slide&quot;,&quot;autoplay&quot;:false,&quot;loop_autoplay&quot;:&quot;once&quot;,&quot;interval&quot;:5,&quot;loop_manual&quot;:&quot;manual-endless&quot;,&quot;autoplay_stopper&quot;:false,&quot;noNavigation&quot;:false,&quot;bg_slider&quot;:false,&quot;keep_padding&quot;:false,&quot;hoverpause&quot;:false,&quot;show_slide_delay&quot;:0}\"  itemprop=\"image\" itemscope=\"itemscope\" itemtype=\"https:\/\/schema.org\/ImageObject\" ><ul class='avia-slideshow-inner ' style='padding-bottom: 13.333333333333%;'><li  class='avia-slideshow-slide av-lfslmoqi-6167b8b22776139c9bf2647da6100c06__0  av-single-slide slide-1 slide-odd'><div data-rel='slideshow-1' class='avia-slide-wrap '   ><img decoding=\"async\" class=\"wp-image-3349 avia-img-lazy-loading-not-3349\"  src=\"https:\/\/karuanabogados.com\/wp-content\/uploads\/2023\/03\/1500x200-contacto-bufete-abogados-madrid.jpg\" width=\"1500\" height=\"200\" title='1500x200-contacto-bufete-abogados-madrid' alt=''  itemprop=\"thumbnailUrl\" srcset=\"https:\/\/karuanabogados.com\/wp-content\/uploads\/2023\/03\/1500x200-contacto-bufete-abogados-madrid.jpg 1500w, https:\/\/karuanabogados.com\/wp-content\/uploads\/2023\/03\/1500x200-contacto-bufete-abogados-madrid-300x40.jpg 300w, https:\/\/karuanabogados.com\/wp-content\/uploads\/2023\/03\/1500x200-contacto-bufete-abogados-madrid-1030x137.jpg 1030w, https:\/\/karuanabogados.com\/wp-content\/uploads\/2023\/03\/1500x200-contacto-bufete-abogados-madrid-768x102.jpg 768w, https:\/\/karuanabogados.com\/wp-content\/uploads\/2023\/03\/1500x200-contacto-bufete-abogados-madrid-705x94.jpg 705w\" sizes=\"(max-width: 1500px) 100vw, 1500px\" \/><\/div><\/li><\/ul><\/div><\/div><div id='after_full_slider_1'  class='main_color av_default_container_wrap container_wrap sidebar_right'  ><div class='container av-section-cont-open' ><div class='template-page content  av-content-small alpha units'><div class='post-entry post-entry-type-page post-entry-3281'><div class='entry-content-wrapper clearfix'>\n<div class='flex_column av-nfowh-b82263b0c644c7de89764f511a32b987 av_one_half  avia-builder-el-1  el_after_av_slideshow_full  el_before_av_one_half  avia-builder-el-first  first flex_column_div '     ><section  class='av_textblock_section av-3weq4h-716390b56b90353d29557e75c78611e8'  itemscope=\"itemscope\" itemtype=\"https:\/\/schema.org\/CreativeWork\" ><div class='avia_textblock'  itemprop=\"text\" ><h1>Contacta con nosotros<\/h1>\n<p><strong>Oficina en Madrid<\/strong><\/p>\n<ul>\n<li>Calle Toledo, 138, 28005 Madrid.<\/li>\n<\/ul>\n<p><strong>Oficina en Estados Unidos<\/strong><\/p>\n<ul>\n<li>1 Alhambra Plaza, Columbus Center PH, Coral Gables, FL, 33134, Miami.<\/li>\n<\/ul>\n<p><strong>Oficinas en Venezuela<\/strong><\/p>\n<ul>\n<li>Avenida 13, esquina con calle 70, #70-15, Sector Tierra Negra. Maracaibo, Estado Zulia, Venezuela.<\/li>\n<li>Avenida Intercomunal, Muelle Terminales de Maracaibo, Edificio Maritime Contractors. Ciudad Ojeda, Estado Zulia.<\/li>\n<li>Avenida Veracruz, Torre Keope, Oficina 43B, Las Mercedes (Caracas).<\/li>\n<li>Avenida Jorge Rodr\u00edguez, Torre BVC, Oficina 6K. Lecher\u00eda, Estado Anzo\u00e1tegui.<\/li>\n<li>Avenida La Paz, Centro Profesional La Paz, Oficina 07. Matur\u00edn, Estado Monagas<\/li>\n<\/ul>\n<p><strong>Oficina en M\u00e9xico<\/strong><\/p>\n<ul>\n<li>Canc\u00fan, Quintana Roo. Benito Juarez 77523.<\/li>\n<\/ul>\n<\/div><\/section><\/div><div class='flex_column av-9ki81-fec0129c62e765f723418bda54349d44 av_one_half  avia-builder-el-3  el_after_av_one_half  el_before_av_codeblock  flex_column_div '     ><section  class='av_textblock_section av-lfsmlrj7-6aa5e3d7e8c779235a101db441a5824b'  itemscope=\"itemscope\" itemtype=\"https:\/\/schema.org\/CreativeWork\" ><div class='avia_textblock'  itemprop=\"text\" ><h2><span style=\"color: #ff9900;\">Formulario<\/span> de contacto:<\/h2>\n<p>Rellena el siguiente formulario y en breve nos pondremos en contacto contigo.<\/p>\n\n<div class=\"wpcf7 no-js\" id=\"wpcf7-f3351-o1\" lang=\"es-ES\" dir=\"ltr\">\n<div class=\"screen-reader-response\"><p role=\"status\" aria-live=\"polite\" aria-atomic=\"true\"><\/p> <ul><\/ul><\/div>\n<form action=\"\/index.php?rest_route=%2Fwp%2Fv2%2Fpages%2F3281#wpcf7-f3351-o1\" method=\"post\" class=\"wpcf7-form init\" aria-label=\"Formulario de contacto\" novalidate=\"novalidate\" data-status=\"init\">\n<div style=\"display: none;\">\n<input type=\"hidden\" name=\"_wpcf7\" value=\"3351\" \/>\n<input type=\"hidden\" name=\"_wpcf7_version\" value=\"5.7.5.1\" \/>\n<input type=\"hidden\" name=\"_wpcf7_locale\" value=\"es_ES\" \/>\n<input type=\"hidden\" name=\"_wpcf7_unit_tag\" value=\"wpcf7-f3351-o1\" \/>\n<input type=\"hidden\" name=\"_wpcf7_container_post\" value=\"0\" \/>\n<input type=\"hidden\" name=\"_wpcf7_posted_data_hash\" value=\"\" \/>\n<\/div>\n<p><label> Nombre y apellidos:<br \/>\n<span class=\"wpcf7-form-control-wrap\" data-name=\"your-name\"><input size=\"40\" class=\"wpcf7-form-control wpcf7-text wpcf7-validates-as-required\" aria-required=\"true\" aria-invalid=\"false\" value=\"\" type=\"text\" name=\"your-name\" \/><\/span> <\/label>\n<\/p>\n<p><label> Email:<br \/>\n<span class=\"wpcf7-form-control-wrap\" data-name=\"your-email\"><input size=\"40\" class=\"wpcf7-form-control wpcf7-text wpcf7-email wpcf7-validates-as-required wpcf7-validates-as-email\" aria-required=\"true\" aria-invalid=\"false\" value=\"\" type=\"email\" name=\"your-email\" \/><\/span> <\/label>\n<\/p>\n<p><label> Tel\u00e9fono:<br \/>\n<span class=\"wpcf7-form-control-wrap\" data-name=\"your-subject\"><input size=\"40\" class=\"wpcf7-form-control wpcf7-text\" aria-invalid=\"false\" value=\"\" type=\"text\" name=\"your-subject\" \/><\/span> <\/label>\n<\/p>\n<p><label> Mensaje:<br \/>\n<span class=\"wpcf7-form-control-wrap\" data-name=\"your-message\"><textarea cols=\"40\" rows=\"10\" class=\"wpcf7-form-control wpcf7-textarea\" aria-invalid=\"false\" name=\"your-message\"><\/textarea><\/span> <\/label>\n<\/p>\n<p><span class=\"wpcf7-form-control-wrap\" data-name=\"acceptance-905\"><span class=\"wpcf7-form-control wpcf7-acceptance optional\"><span class=\"wpcf7-list-item\"><input type=\"checkbox\" name=\"acceptance-905\" value=\"1\" aria-invalid=\"false\" \/><\/span><\/span><\/span> He le\u00eddo y acepto el <a href=\"https:\/\/karuanabogados.com\/aviso-legal\">aviso legal<\/a> que describe las condiciones de privacidad.\n<\/p>\n<p><input class=\"wpcf7-form-control has-spinner wpcf7-submit\" type=\"submit\" value=\"Enviar\" \/>\n<\/p><div class=\"wpcf7-response-output\" aria-hidden=\"true\"><\/div>\n<\/form>\n<\/div>\n\n<\/div><\/section><\/div><\/p>\n\n","protected":false},"excerpt":{"rendered":"","protected":false},"author":1,"featured_media":0,"parent":0,"menu_order":0,"comment_status":"closed","ping_status":"closed","template":"","meta":{"footnotes":""},"class_list":["post-3281","page","type-page","status-publish","hentry"],"_links":{"self":[{"href":"https:\/\/karuanabogados.com\/index.php?rest_route=\/wp\/v2\/pages\/3281","targetHints":{"allow":["GET"]}}],"collection":[{"href":"https:\/\/karuanabogados.com\/index.php?rest_route=\/wp\/v2\/pages"}],"about":[{"href":"https:\/\/karuanabogados.com\/index.php?rest_route=\/wp\/v2\/types\/page"}],"author":[{"embeddable":true,"href":"https:\/\/karuanabogados.com\/index.php?rest_route=\/wp\/v2\/users\/1"}],"replies":[{"embeddable":true,"href":"https:\/\/karuanabogados.com\/index.php?rest_route=%2Fwp%2Fv2%2Fcomments&post=3281"}],"version-history":[{"count":10,"href":"https:\/\/karuanabogados.com\/index.php?rest_route=\/wp\/v2\/pages\/3281\/revisions"}],"predecessor-version":[{"id":3395,"href":"https:\/\/karuanabogados.com\/index.php?rest_route=\/wp\/v2\/pages\/3281\/revisions\/3395"}],"wp:attachment":[{"href":"https:\/\/karuanabogados.com\/index.php?rest_route=%2Fwp%2Fv2%2Fmedia&parent=3281"}],"curies":[{"name":"wp","href":"https:\/\/api.w.org\/{rel}","templated":true}]}}